{"id":9,"date":"2015-05-05T08:58:39","date_gmt":"2015-05-05T11:58:39","guid":{"rendered":"http:\/\/saramolfino.com\/wordpress\/?page_id=9"},"modified":"2015-05-22T00:30:56","modified_gmt":"2015-05-22T03:30:56","slug":"sara-molfino","status":"publish","type":"page","link":"https:\/\/saramolfino.com\/wordpress\/sara-molfino\/","title":{"rendered":"Sara Molfino"},"content":{"rendered":"<p>Con m\u00e1s de 30 a\u00f1os de trayectoria en el mundo del Interiorismo, la decoradora Sara Molfino Rizo Patr\u00f3n, peruana residente en Chile, ha liderado m\u00faltiples proyectos corporativos como las oficinas del grupo Bethia en el Edificio Titanium, las de BanChile Wealth Management y Belsport, entre otras.<\/p>\n<p>Tambi\u00e9n, destaca por sus proyectos de casas y departamentos en lugares como Santiago, Casablanca, Zapallar, Puc\u00f3n y La Serena, entre otros.<\/p>\n<p>En sus proyectos privilegia la incorporaci\u00f3n de tecnolog\u00eda de vanguardia, altos est\u00e1ndares de confort y, sobre todo, el cuidado de los m\u00e1s m\u00ednimos detalles.<\/p>\n<p>Pertenece a la asociacion de Decoradores de Chile AdD.<\/p>\n<p>Reside en Santiago de Chile desde 1988<\/p>\n","protected":false},"excerpt":{"rendered":"<p>Con m\u00e1s de 30 a\u00f1os de trayectoria en el mundo del Interiorismo, la decoradora Sara Molfino Rizo Patr\u00f3n, peruana residente en Chile, ha liderado m\u00faltiples proyectos corporativos como las oficinas del grupo Bethia en el Edificio Titanium, las de BanChile Wealth Management y Belsport, entre otras. Tambi\u00e9n, destaca por sus proyectos de casas y departamentos [&hellip;]<\/p>\n","protected":false},"author":1,"featured_media":118,"parent":0,"menu_order":0,"comment_status":"open","ping_status":"open","template":"","meta":{"footnotes":""},"class_list":["post-9","page","type-page","status-publish","has-post-thumbnail","hentry"],"_links":{"self":[{"href":"https:\/\/saramolfino.com\/wordpress\/wp-json\/wp\/v2\/pages\/9","targetHints":{"allow":["GET"]}}],"collection":[{"href":"https:\/\/saramolfino.com\/wordpress\/wp-json\/wp\/v2\/pages"}],"about":[{"href":"https:\/\/saramolfino.com\/wordpress\/wp-json\/wp\/v2\/types\/page"}],"author":[{"embeddable":true,"href":"https:\/\/saramolfino.com\/wordpress\/wp-json\/wp\/v2\/users\/1"}],"replies":[{"embeddable":true,"href":"https:\/\/saramolfino.com\/wordpress\/wp-json\/wp\/v2\/comments?post=9"}],"version-history":[{"count":4,"href":"https:\/\/saramolfino.com\/wordpress\/wp-json\/wp\/v2\/pages\/9\/revisions"}],"predecessor-version":[{"id":164,"href":"https:\/\/saramolfino.com\/wordpress\/wp-json\/wp\/v2\/pages\/9\/revisions\/164"}],"wp:featuredmedia":[{"embeddable":true,"href":"https:\/\/saramolfino.com\/wordpress\/wp-json\/wp\/v2\/media\/118"}],"wp:attachment":[{"href":"https:\/\/saramolfino.com\/wordpress\/wp-json\/wp\/v2\/media?parent=9"}],"curies":[{"name":"wp","href":"https:\/\/api.w.org\/{rel}","templated":true}]}}